 the prime factors of 482672926.
2, 29, 2251, 3697
List the prime factors of 479259810.
2, 3, 5, 5325109
List the prime factors of 1148207171.
31, 151, 245291
List the prime factors of 1855242128.
2, 41, 2828113
List the prime factors of 3536785888.
2, 110524559
What are the prime factors of 706999089?
3, 61, 787, 4909
What are the prime factors of 3059687035?
5, 611937407
What are the prime factors of 606873439?
606873439
List the prime factors of 121729068.
2, 3, 375707
List the prime factors of 664856898.
2, 3, 1579, 70177
List the prime factors of 1085185198.
2, 67, 2143, 3779
List the prime factors of 455042834.
2, 71, 157, 20411
List the prime factors of 65082637.
65082637
What are the prime factors of 169587065?
5, 19, 751, 2377
What are the prime factors of 382638584?
2, 17, 2813519
What are the prime factors of 571810904?
2, 7, 43, 83, 2861
List the prime factors of 72749665.
5, 14549933
What are the prime factors of 466329493?
7, 3847, 17317
What are the prime factors of 2372369506?
2, 13, 91244981
What are the prime factors of 37606878?
2, 3, 2089271
What are the prime factors of 113447794?
2, 4513, 12569
What are the prime factors of 217932240?
2, 3, 5, 67, 13553
What are the prime factors of 137456213?
71, 283, 6841
What are the prime factors of 695099363?
7, 19, 41, 6709
What are the prime factors of 6963997434?
2, 3, 53, 21899363
List the prime factors of 5541279258.
2, 3, 1291, 715373
What are the prime factors of 226778559?
3, 7, 10798979
What are the prime factors of 740818421?
7, 105831203
List the prime factors of 25428176.
2, 37, 42953
What are the prime factors of 2157194946?
2, 3, 2003, 179497
What are the prime factors of 74200149?
3, 19, 619, 701
What are the prime factors of 836560551?
3, 10369, 26893
List the prime factors of 129052181.
467, 276343
List the prime factors of 52221533.
7, 13, 573863
List the prime factors of 1202860087.
11, 13, 283, 29723
List the prime factors of 387190446.
2, 3, 64531741
List the prime factors of 248187504.
2, 3, 1277, 4049
List the prime factors of 350055220.
2, 5, 17502761
What are the prime factors of 2767767637?
17, 31, 151, 34781
What are the prime factors of 15094304?
2, 471697
What are the prime factors of 16082221?
17, 23, 41131
List the prime factors of 869113362.
2, 3, 13, 11142479
What are the prime factors of 858886492?
2, 739, 290557
What are the prime factors of 116976258?
2, 3, 7, 309461
What are the prime factors of 395309200?
2, 5, 11, 13, 6911
What are the prime factors of 8466033017?
13, 29, 22456321
List the prime factors of 124432169.
3919, 31751
What are the prime factors of 45771537?
3, 7, 311371
List the prime factors of 161038199.
7, 59, 389923
List the prime factors of 41666119.
11, 977, 3877
What are the prime factors of 83839205?
5, 137, 122393
What are the prime factors of 144926757?
3, 16102973
What are the prime factors of 7752022?
2, 3876011
What are the prime factors of 4867685?
5, 973537
What are the prime factors of 105659973?
3, 59, 193, 1031
What are the prime factors of 143255754?
2, 3, 593, 13421
List the prime factors of 49788681.
3, 16596227
List the prime factors of 1332295457.
17, 571, 137251
List the prime factors of 607308142.
2, 7, 1361, 31873
List the prime factors of 80537297.
80537297
List the prime factors of 19103569.
19, 467, 2153
What are the prime factors of 72673881?
3, 7, 3460661
List the prime factors of 2661398790.
2, 3, 5, 17, 67, 71, 1097
List the prime factors of 23778068.
2, 349, 17033
List the prime factors of 28510077.
3, 73, 130183
What are the prime factors of 9201865?
5, 487, 3779
List the prime factors of 1710546777.
3, 23, 8263511
What are the prime factors of 3154157575?
5, 839, 150377
List the prime factors of 1156185079.
7, 17, 29, 335029
List the prime factors of 168501285.
3, 5, 587, 6379
List the prime factors of 138840821.
7, 109, 181967
What are the prime factors of 188704297?
71, 89, 29863
What are the prime factors of 37438587?
3, 4159843
List the prime factors of 3404323050.
2, 3, 5, 29, 293, 2671
What are the prime factors of 5838229448?
2, 729778681
What are the prime factors of 1279668562?
2, 43, 167, 89101
What are the prime factors of 138719813?
17, 79, 103291
What are the prime factors of 173708943?
3, 57902981
What are the prime factors of 192621118?
2, 17, 79, 71713
What are the prime factors of 96495702?
2, 3, 29, 554573
What are the prime factors of 8051324181?
3, 53, 61, 101, 8219
List the prime factors of 785904513.
3, 261968171
What are the prime factors of 957201613?
957201613
List the prime factors of 366443959.
7, 17, 409, 7529
List the prime factors of 4573379334.
2, 3, 12101, 62989
What are the prime factors of 591813519?
3, 11, 47, 381569
What are the prime factors of 2143768255?
5, 17, 127, 198589
What are the prime factors of 76090357?
7, 10870051
What are the prime factors of 231691440?
2, 3, 5, 29, 33289
List the prime factors of 594170243.
594170243
List the prime factors of 7210709.
11, 19, 34501
List the prime factors of 767733532.
2, 17, 19, 47, 269
List the prime factors of 43953644.
2, 7, 23, 131, 521
List the prime factors of 8002538586.
2, 3, 7, 31, 97561
List the prime factors of 12174094.
2, 137, 157, 283
What are the prime factors of 860921908?
2, 7, 11, 2795201
List the prime factors of 3702565917.
3, 79, 1735849
List the prime factors of 246443243.
19, 809, 16033
List the prime factors of 245970396.
2, 3, 7, 139439
List the prime factors of 83508404.
2, 7, 2982443
What are the prime factors of 16119889?
16119889
What are the prime factors of 253612728?
2, 3, 139, 8447
List the prime factors of 534777496.
2, 11, 19, 227, 1409
What are the prime factors of 15899809?
43, 137, 2699
What are the prime factors of 2520805093?
127, 19848859
What are the prime factors of 137457383?
7, 131, 149899
What are the prime factors of 393801532?
2, 17, 47, 123217
What are the prime factors of 85776972?
2, 3, 7148081
What are the prime factors of 93950916?
2, 3, 7829243
What are the prime factors of 5330912?
2, 61, 2731
What are the prime factors of 1626884476?
2, 7, 8300431
List the prime factors of 22735145.
5, 53, 85793
List the prime factors of 1396786008.
2, 3, 1627, 35771
What are the prime factors of 112969273?
503, 224591
List the prime factors of 602708038.
2, 17, 43, 412249
What are the prime factors of 29672838?
2, 3, 13, 43, 983
What are the prime factors of 607045601?
23, 26393287
List the prime factors of 91958431.
31, 37, 80173
What are the prime factors of 406668327?
3, 13, 73, 142841
What are the prime factors of 223554995?
5, 191, 234089
List the prime factors of 64424898.
2, 3, 3579161
What are the prime factors of 50255784?
2, 3, 47, 14851
What are the prime factors of 23659675?
5, 13, 43, 1693
What are the prime factors of 88073495?
5, 17614699
What are the prime factors of 101319417?
3, 29, 43133
List the prime factors of 230610734.
2, 115305367
List the prime factors of 1019212151.
1019212151
List the prime factors of 2353598815.
5, 470719763
What are the prime factors of 596111209?
317, 863, 2179
What are the prime factors of 6028432982?
2, 11, 13, 1697, 12421
What are the prime factors of 583788372?
2, 3, 48649031
What are the prime factors of 26447044?
2, 13, 67, 7591
What are the prime factors of 247933932?
2, 3, 1789, 11549
List the prime factors of 210481945.
5, 557, 75577
What are the prime factors of 399686727?
3, 11, 53, 228523
What are the prime factors of 69756124?
2, 197, 88523
List the prime factors of 40518395.
5, 17, 31, 15377
What are the prime factors of 187396930?
2, 5, 7, 2677099
What are the prime factors of 155006736?
2, 3, 491, 6577
What are the prime factors of 372965722?
2, 186482861
List the prime factors of 3465698287.
19, 73, 2498701
List the prime factors of 3194429188.
2, 19, 37, 1135999
List the prime factors of 2612384444.
2, 653096111
List the prime factors of 377241052.
2, 94310263
List the prime factors of 3537914.
2, 19, 93103
List the prime factors of 58965641.
7, 8423663
What are the prime factors of 2126889196?
2, 61, 8716759
What are the prime factors of 6489007?
7, 927001
What are the prime factors of 7184011110?
2, 3, 5, 439, 545483
What are the prime factors of 2761988653?
59, 73, 641279
List the prime factors of 108699